). Suppose -v = -a*s - 38, -3 = 5*s + 7. What are the prime factors of v?
2
Suppose -3*g - 272 = 5*n, 8*g = 3*g - 2*n - 466. Let d = 197 + g. List the prime factors of d.
103
Suppose 5*o + 5*m = 1165, 0 = 4*m - 12. List the prime factors of o.
2, 5, 23
Let g be (-2 + 37)*(-3 - -2). What are the prime factors of ((-168)/15)/(14/g)?
2, 7
Let q(c) = -c**2 + 15*c + 30. Let g(y) = -y**3 + 3*y**2 + 7*y + 1. Let t be g(4). What are the prime factors of q(t)?
2, 7
Suppose -10*d = 10*d - 100720. List the prime factors of d.
2, 1259
Let l = 1081 - 359. List the prime factors of l.
2, 19
Let x(c) = c**2 - 30. Let b be x(-9). List the prime factors of b + (-3 - -7)/1.
5, 11
Let v = -1 - -4. Suppose v*h + 127 = -4*d, -d = 5*h - 2*h + 115. Let a = h - -107. List the prime factors of a.
2, 5, 7
Let n(g) = g**2 + 11*g - 9. Let q be (-12)/3*3*(-2)/(-2). List the prime factors of n(q).
3
What are the prime factors of 30624/12 - (-27)/(-3)?
2543
Let z(a) = -9*a - 30. Let w be z(-7). Let u = 35 - w. List the prime factors of u.
2
Suppose 3*m - 3*f - 553 = 2150, 20 = 5*f. What are the prime factors of m?
5, 181
Let m(h) = -14*h**2 + 13*h**2 + 0*h + 5*h + 1. Let q be m(3). Suppose q*f = 3*f - 3*y + 83, 43 = 4*f - 5*y. List the prime factors of f.
17
Suppose 4*g - 2*u = 970, 4*g = -5*u - 15 + 978. List the prime factors of g.
2, 11
Let g(s) = -s**2 - 9*s - 6. Let t be g(-8). Suppose -t*u = -34 - 66. Let n = -36 + u. List the prime factors of n.
2, 7
Let b(w) = 12*w**2 + 2*w - 2. Let j(g) = -10 + 10 + g**2. Let h(k) = b(k) - 3*j(k). List the prime factors of h(1).
3
Suppose -26 = -3*r - 17. Let h be 2298/9 - 2/6. Suppose -h = -2*i - r*i. List the prime factors of i.
3, 17
Let l(k) be the third derivative of 19*k**6/720 + k**5/60 - k**4/4 - 3*k**2. Let b(s) be the second derivative of l(s). List the prime factors of b(2).
2, 5
Let l(a) = -102*a - 2. What are the prime factors of l(-6)?
2, 5, 61
Let c = -24 + 96. Let j be (-8)/6*(-3)/2. Suppose 3*r - c = j*f, -31 + 87 = 2*r - 4*f. List the prime factors of r.
2, 11
Let j be (-1 - 0)/(2/(-12)). Suppose -2*z = -0 - j. Let s(x) = 3*x**2 - 3*x - 1. What are the prime factors of s(z)?
17
Let y = 81 - -1185. List the prime factors of y.
2, 3, 211
Let m be (-6)/(-2) - (0 + 0). Suppose 2*b - 6 = 2*y, m*y = 6*b - b - 19. Suppose -y*f + 0*f = -40. List the prime factors of f.
2, 5
Let v(f) be the third derivative of -7*f**4/12 - 8*f**3/3 - 10*f**2. What are the prime factors of v(-8)?
2, 3
Suppose 60 = -18*h + 13*h. What are the prime factors of h/(-21) - (-1059)/21?
3, 17
Let d = 902 + -716. What are the prime factors of d?
2, 3, 31
Let n(p) = -p**3 - 7*p**2 - 8*p - 5. Let z be n(-6). Let w(l) = -6 - l**2 + 5 + 2*l + z*l**2. What are the prime factors of w(-2)?
19
Let m(o) = 14*o**3 + 5*o**2 - 3*o + 2. Let l be m(4). Suppose 12*u = 6*u + l. What are the prime factors of u?
7, 23
Let t(k) = 5*k**2 + 27*k + 197. What are the prime factors of t(-32)?
61, 73
Let m(q) = q**2 + 12*q + 48. What are the prime factors of m(-7)?
13
Suppose -7649 = -5*j + 5*f - 1739, 3*f - 2354 = -2*j. List the prime factors of j.
2, 5, 59
Let r be -10*(1/(-10))/(5/20). Suppose -37 = -r*j + 23. List the prime factors of j.
3, 5
Suppose 33*q - 75616 = 95720. What are the prime factors of q?
2, 11, 59
Let i(o) = -o**3 + 15*o**2 - o + 13. Suppose -3*c = -2*d + 6*d - 53, 6 = 3*d. Let q be i(c). What are the prime factors of (q + 4 + 22)*1?
2, 3
List the prime factors of 217 + 0 + (2 - -3).
2, 3, 37
Suppose -3*k = -17 + 2. Suppose 0 = 3*f + 14 - k. What are the prime factors of (-45)/10*8/f?
2, 3
Suppose 0 = 5*r - 2*k - 12, r + 12 = -0*r + 4*k. Let g be r/(-6)*9/(-2). Let l = 25 - g. List the prime factors of l.
2, 11
Let v(i) = -i**2 + 34*i - 39. Suppose -j = 3*r - 49, -53 = -5*r - 5*j + 32. List the prime factors of v(r).
3, 83
Let p be (6 + -4 - 2)/(-2). Suppose -o + 3 = p, z + 2*o - 15 = -6. What are the prime factors of z?
3
Let z(r) = -2 + 9 + 16*r + 3*r. Let u be z(3). Suppose -3*d - d + u = -2*a, -5*d + a = -86. List the prime factors of d.
2, 3
Let q = -780 - -1687. What are the prime factors of q?
907
Let w(c) = -c. Suppose 5*m - 37 = 73. Let y = m + -31. What are the prime factors of w(y)?
3
Suppose -44 = 4*m - 5*f + f, -f = -4*m - 38. Let d = m + 7. List the prime factors of (-35)/(-3 - (d - 0)).
5, 7
Let b(l) = -19*l + 17. Let n(a) = -39*a + 33. Let i(w) = -7*b(w) + 3*n(w). List the prime factors of i(5).
2, 3, 5
Let x be 26 + -2 + -2*1. Let y = 5 + x. Suppose 4*p + y = 79. List the prime factors of p.
13
Let l = 16 + -13. Suppose 337 = l*n - 47. Suppose 0 = -5*o + n + 42. What are the prime factors of o?
2, 17
Let y(d) = -7*d**3 + d**2 - 1. Let o be y(-1). Suppose -f = -o*l + 4*l - 9, 0 = -5*f - 5*l - 35. List the prime factors of f - -5*(-24)/(-4).
3
Let u(g) = -g**3 - 18*g**2 + 18*g - 15. Suppose 5*l + 220 = 15. Let r = -60 - l. List the prime factors of u(r).
2
Let a(f) be the third derivative of 0 + 1/8*f**4 - 8*f**2 + 0*f + f**3. What are the prime factors of a(6)?
2, 3
Suppose 2*r + 8*r + 120 = 0. Let l(m) = -3*m + 2. List the prime factors of l(r).
2, 19
Suppose -3*z - 4 = o + 2, -2*o + 28 = -2*z. Suppose -18*j = -23*j - 5. What are the prime factors of (9/o)/(j/(-23))?
23
Let c = -212 + 589. List the prime factors of c.
13, 29
Suppose -2*z = 4, -6764 - 5394 = -4*q + z. List the prime factors of q.
3, 1013
Let n(d) = 3*d**3 + 4*d**2 + 2*d + 5. Let v be n(-3). Let i = -42 - v. List the prime factors of i.
2
Suppose -2*i + 2*q + 714 = -598, -1980 = -3*i - q. List the prime factors of i.
659
Let p be (17 - 26)*(-2)/6. Suppose 72 - 24 = p*x. What are the prime factors of (-1 - 8)*x/(-48)?
3
Let k = 14 + 11. Let l be (-12)/(-24)*(-1 - -3*49). Suppose 4*b - l = -3*t, 0 = 3*t - 2*b - 42 - k. List the prime factors of t.
23
Let d(a) = -a**2 - 22*a + 31. Suppose -9*s + 79 = 286. What are the prime factors of d(s)?
2
Suppose 26*b = 27*b + 20. What are the prime factors of 48 - (b/4 + 1)?
2, 13
Suppose n - a - 72 = a, 0 = 2*n - 2*a - 148. List the prime factors of n.
2, 19
Let a be ((-5)/(-15))/((-2)/(-36)). Let l = 8 - a. Suppose 0*g - g + 19 = l*t, -5*t + 25 = -2*g. List the prime factors of t.
7
Suppose 0 = -3*d - 0*d - 12, 0 = -q + 3*d + 18. What are the prime factors of 298/q - (-24)/(-36)?
7
Let x = 188 + -92. What are the prime factors of (x + 24/(-6))*2?
2, 23
List the prime factors of (811/3)/((-34)/(-102)).
811
Let o = 86 + -84. Suppose 4*l + 458 = 2*i, o*i - l - 466 = l. List the prime factors of i.
3, 79
Suppose 12*y = -24*y + 23868. List the prime factors of y.
3, 13, 17
Let c(b) = b**3 - 18*b**2 - 24*b + 36. List the prime factors of c(20).
2, 89
Let t = -264 + 139. Let b = t + 205. Let m = b - 41. What are the prime factors of m?
3, 13
Let l = 127 - -12. List the prime factors of l.
139
Let a(m) be the first derivative of m**3/3 - m**2/2 - 5*m - 1. Let s be 12*(10/18 + (-16)/72). What are the prime factors of a(s)?
7
Let a be (-3)/2*(-32)/(-12). Let l = 44 - a. What are the prime factors of l?
2, 3
Let u = 60 + -52. List the prime factors of (-3)/u - 16270/(-80).
7, 29
Let g = -143 + 162. What are the prime factors of 1157/g + 6/57?
61
Suppose -o + 5*z + 27 - 6 = 0, 2*o + 23 = -3*z. Let g be 225/(-18) - 2/o. Let x = 19 + g. List the prime factors of x.
7
Suppose -9818 = -11*r - 3493. List the prime factors of r.
5, 23
Let x(f) = f**2 - 7*f + 25. Let n be x(26). Suppose -n = -2*z - 103. List the prime factors of z.
2, 13
Let p(o) = -7*o**3 + 14*o**2 - 12*o - 10. Let g(d) = -8*d**3 + 13*d**2 - 12*d - 11. Let b(v) = 5*g(v) - 6*p(v). What are the prime factors of b(9)?
2
Suppose 22 = -c + 60. What are the prime factors of c?
2, 19
Let k be 4/10 - 40/(-25). Suppose -s = 4*t - 64, -k*t + 3*t - 21 = s. Suppose 5*v + 2*y - 113 = t, -v - 2*y = -34. What are the prime factors of v?
2, 3
Suppose -2*v + 5*v + 3*p = 366, 12 = 3*p. Let f = v + -29. What are the prime factors of f?
89
Let m(r) = -r**3 + r + 8. Let k(a) = -a**3 + a + 9. Let g(j) = 5*k(j) - 6*m(j). What are the prime factors of g(5)?
3, 13
Let l(a) = -a**2 + a + 7. Let i be l(5). Let r = i - -65. Suppose -h - h + r = 0. List the prime factors of h.
2, 13
Suppose -5*w - 63*v + 9865 = -64*v, 0 = w - 3*v - 1973. List the prime factors of w.
1973
Let b = -49 - -16. Let p = 12 + b. Let